 - -5. Suppose -4*a + 20 = 2*z, z - 3 - 6 = -j*a. List the prime factors of z.
2, 3
Let v be (2/3)/((-4)/(-18)). Suppose -v*u + 8 = -u. Suppose -3*m = -5*k - 51 - 24, -u*m + 4*k + 92 = 0. List the prime factors of m.
2, 5
Let t be -5*((-7)/5 + 1). Let c = -15 + 16. Suppose f - c - t = 0. What are the prime factors of f?
3
Let m = 85 + -56. What are the prime factors of m?
29
What are the prime factors of 544/(-12)*12/(-8)?
2, 17
Let p = -570 + 853. What are the prime factors of p?
283
Let a = 6 + -3. Suppose l + 2*q = 6*l - 12, a*l - 1 = -5*q. What are the prime factors of l?
2
Suppose 3*s - 389 = -5*t + 487, 0 = 4*s + 12. List the prime factors of t.
3, 59
Suppose -2*p + 32 = 4*o, p = -3*o - p + 26. Let j = -10 + o. Let h = -2 - j. List the prime factors of h.
2
Suppose 5*q - 2*q + 36 = 0. Let j = 18 + q. Let d(p) = 2*p - 5. List the prime factors of d(j).
7
Suppose u = -p + 2*p + 11, -u = -3*p - 23. Let f(z) = z + z**2 + 2 - z - z + 5*z. List the prime factors of f(p).
2, 7
Suppose -3*j - 3 = -4*j. Suppose -3 = -3*h + j. Suppose 35 + 15 = 4*f + h*z, 0 = 5*f + 2*z - 60. List the prime factors of f.
2, 5
Suppose 169 = 4*x - 95. List the prime factors of x/(-4)*2/(-3).
11
Suppose 2*w + 15 = 3*b, b - 20 = w - 3*b. Suppose 4*x = -2*t - 3*t + 31, w = -3*t + x + 5. Suppose -k - 22 = -t*k. List the prime factors of k.
11
Suppose 1 = 3*j - 41. Let m(v) = -v**3 - 4*v**2 - 1. Let s be m(-4). Let w = j + s. What are the prime factors of w?
13
Suppose 6*q = 2*q + 12. Suppose 0 = -3*t - 3*c - 12 + 51, t + q*c = 15. What are the prime factors of t?
2, 3
Let p = -2 + 2. Let g(x) = x**2 + x + 2. Let m be g(p). Suppose -2*l + 10 = 3*i, 3*i - m*l = 3 - 1. List the prime factors of i.
2
Let g(n) = -n - 1. Let c be g(0). Let y(h) = 2*h - 2*h - 6 + 5 - 3*h. What are the prime factors of y(c)?
2
Suppose 3*o = -5*d + 4*o + 510, -3*o = 4*d - 408. What are the prime factors of d?
2, 3, 17
Suppose 82 = -3*o + 4*h, -5*o = h - 7 + 159. List the prime factors of (o/(-4))/((-4)/(-8)).
3, 5
What are the prime factors of 2/((-60)/21 + 3)?
2, 7
Suppose -k + 3*t + 111 = 0, 4*k = -4*t + 465 - 85. List the prime factors of k.
3, 11
List the prime factors of 213*(1 - (-5 + 5)).
3, 71
Suppose 0 = -3*b - 3*n - 3, 3*b + 6 = -n - 1. Let g = b - -21. Suppose o = -0*o + g. List the prime factors of o.
2, 3
Suppose -2*h - 3 = -9. Suppose h*f - 3*m = -4*m + 7, 3*m = -15. Suppose -f*z + 45 = z. List the prime factors of z.
3
Let h be (-4 - 1)/((-1)/1). Let u be 2 + (-4 - (-3 + 3)). What are the prime factors of 2*u/(-4)*h?
5
Let p = 43 - 11. List the prime factors of p.
2
List the prime factors of 36/(-15)*15/(-6).
2, 3
Suppose -4*d - 2*r = -r + 182, -2*d - 5*r = 82. Let l = d - -84. What are the prime factors of l?
2, 19
Let u(z) be the third derivative of -z**4/8 - 2*z**2. What are the prime factors of u(-3)?
3
Let t(o) = -6*o + 3. Let s be t(-3). Let f = 39 - s. List the prime factors of f.
2, 3
Let d be 0*(10/(-6) - -2). Suppose d = -3*u - z - 4, -4*u + 5*z - 4*z - 3 = 0. Let j = 8 + u. List the prime factors of j.
7
Let b(t) = t. Let n be b(4). Suppose -n*a + a = -93. Suppose -2*j - 2*v + 18 = 0, -3*j - 7*v = -2*v - a. What are the prime factors of j?
7
Let n = -4 + 4. Suppose -o + 2*q + 2 + 4 = 0, n = 3*o + 4*q - 58. What are the prime factors of o?
2, 7
Let w(f) = -f**2 + 5*f - 1. Let v be w(3). Let k(c) = c**2 - 4*c - 8. Let i be k(6). Suppose -v*q - 41 = -i*t, 0 = 3*q - 1 + 4. List the prime factors of t.
3
Suppose -j + 97 = 3*y, 4*j - 195 = 2*j - 5*y. What are the prime factors of j?
2, 5
Let b = -5 - -2. List the prime factors of (b - (-7)/2)*26.
13
Let a = 13 - 8. Suppose -a*z - 39 = -4. Let n = -1 - z. List the prime factors of n.
2, 3
Suppose -639 = -8*q + 57. List the prime factors of q.
3, 29
Let s(n) = -2*n - 6. Let z be s(-4). Let y be -2 + 4 - z - 2. Let l = y - -7. List the prime factors of l.
5
Let q(o) = -o**2 + 3*o + 4. Let w be q(3). What are the prime factors of (w/8)/((-3)/(-18))?
3
Suppose -6*a + 310 = -a. List the prime factors of a.
2, 31
Suppose 5*o = -3*s - 0*s - 30, 5*s = -o - 72. Let v = -9 - s. List the prime factors of (42/8)/(v/24).
3, 7
Suppose -3*z + 13 = -8. Suppose -2*i + z*i = 0. Suppose i = 3*u + 2*u - 10. List the prime factors of u.
2
Let b = 54 - 38. List the prime factors of b.
2
Let k(r) = -r**3 - 4*r**2 + 4*r - 5. Suppose 0 = i + g + 6, 0*g - g - 11 = 2*i. Let u be k(i). Suppose -o + u = -7. List the prime factors of o.
7
Suppose 4 + 14 = u. Let i = u - 11. What are the prime factors of i?
7
Let n(b) = 3*b**3 + 3*b**2 - b - 2. What are the prime factors of n(4)?
2, 3, 13
List the prime factors of (22 - 1)*4/4.
3, 7
Suppose 2*k = -k, d + k + 13 = 0. Let f = d + 23. List the prime factors of f.
2, 5
Let g(x) = x**2 - 3*x + 3. Let y be g(3). Suppose y*p = -2*p - t + 122, -5*t - 15 = 0. What are the prime factors of p?
5
Suppose -3*h = 3, 9*v - 68 = 4*v + 3*h. Suppose 0 = -4*r + 11 + v. List the prime factors of r.
2, 3
Let a = -7 + 23. What are the prime factors of a?
2
Let a(l) = -l**2 + 8*l - 4. Let k be a(7). Suppose 14 = -w + k*w. What are the prime factors of w?
7
Let x(m) = -m**2 + 0*m**2 + 1 + 10*m - 9 + 0*m. List the prime factors of x(7).
13
List the prime factors of (1206/27)/(1/6).
2, 67
Let r(y) = y**3 - 3*y**2 - y + 4. Let h be r(3). Let z = -2 + 4. Suppose b - 8 = p, b + h = -z*p - 0*p. List the prime factors of b.
5
Suppose -5*j = 5*x - 15, 5*j + 4*x - 15 = -0*j. List the prime factors of j.
3
Let s = 29 - 17. What are the prime factors of s?
2, 3
List the prime factors of ((-132)/30)/((-2)/10).
2, 11
Suppose -2*t + 2*x + 274 = 0, -t + 3*x + 553 = 3*t. What are the prime factors of t?
2, 71
List the prime factors of (1738/(-55))/(1/(-5)).
2, 79
Let b = 43 + -24. Suppose k - 5*j + 5 = -0*j, 3*j = 5*k - b. Suppose 0 = -3*g - 2*s + 5, -k*g + 10 - 3 = 4*s. What are the prime factors of g?
3
Suppose -9*m + 3*m + 90 = 0. List the prime factors of m.
3, 5
Suppose 55 = t - g, -3*g - 70 = -t - 25. What are the prime factors of t?
2, 3, 5
Suppose -180 = -w - 0*v - v, -2*w - 3*v = -355. List the prime factors of w.
5, 37
Let b = -6 + 8. Suppose h + 0*h + 4 = 0, -z = b*h + 4. Suppose 0*u = z*u - 28. What are the prime factors of u?
7
Suppose 0*y = -4*y + 32. What are the prime factors of y?
2
Suppose 2*d - 131 - 115 = 0. List the prime factors of d.
3, 41
Let i(x) = 2*x**3 - 7*x**2 + x + 9. Let s(w) = -3*w**3 + 10*w**2 - w - 14. Let k(h) = -8*i(h) - 5*s(h). What are the prime factors of k(5)?
2
What are the prime factors of 6/24 + (-2142)/(-8) + 2?
2, 3, 5
Let d(q) = -12*q + 3*q - 3*q + q. What are the prime factors of d(-5)?
5, 11
Suppose -2*p + 3 = -1. Let z(t) = -3*t**2 + 15*t + 2*t**2 - 14*t + 2 + t**3. What are the prime factors of z(p)?
2
List the prime factors of -4 + 188/4 - -3.
2, 23
Suppose -62 = 3*c - 635. List the prime factors of c.
191
Let p(d) = d**3 + d**2 + d + 1. Let k(i) = -i**3 + 6*i**2 + 2*i - 6. Let y(s) = k(s) + 2*p(s). What are the prime factors of y(-7)?
17
Let i(n) = -n**3 - 16*n**2 + 9*n - 24. What are the prime factors of i(-17)?
2, 7
Let j = 206 + -153. List the prime factors of j.
53
Let b = -101 - -144. Suppose 2*z + r = 3, 4*z - 3*r - 21 = -0*z. Suppose -3*o = o - v - b, -z*o - 3*v = -36. What are the prime factors of o?
11
Let x = 11 + -9. What are the prime factors of x?
2
Suppose 3*p = -5*y + 59, 4*p + 0*p - 5*y - 67 = 0. Let w = -7 + 10. Suppose w*a - 5*a = -p. What are the prime factors of a?
3
Suppose 9*a = 8*a + 7. What are the prime factors of a?
7
What are the prime factors of (8 - -10)/(-6)*154/(-3)?
2, 7, 11
Let v(q) = -q**2 + q - 1. Let z(y) = -y**3 - 10*y + 7. Let j(r) = -6*v(r) - z(r). Suppose 4*i + 14 = -2. What are the prime factors of j(i)?
3, 5
Suppose -8*i + 11*i - 561 = 0. List the prime factors of i.
11, 17
Suppose 0 = -2*m - 2*o + 210, 282 = 3*m - 5*o - 1. List the prime factors of m.
101
Let r be -4 + 2 - 1*-7. Suppose -2*n + 3*c + 112 = 0, -7*n - 5*c + 96 = -r*n. What are the prime factors of n?
53
Let f = -1 - -1. Suppose f = -3*m - 4 - 2. Let c = m + 6. What are the prime factors of c?
2
Suppose 0 = -5*o + 6 - 21. Let j = 7 + o. List the prime factors of j.
2
Let v(t) = t**2 - 4*t - 2. Let p be v(5). Suppose 212 = 5*m - p. List the prime factors of m.
43
Suppose -4*u - 16 = 0, -